{"id":62,"date":"2025-12-21T09:35:01","date_gmt":"2025-12-21T09:35:01","guid":{"rendered":"https:\/\/cavallero.com.tr\/?page_id=62"},"modified":"2025-12-23T18:06:53","modified_gmt":"2025-12-23T18:06:53","slug":"kurumsal","status":"publish","type":"page","link":"https:\/\/cavallero.com.tr\/?page_id=62","title":{"rendered":"Kurumsal"},"content":{"rendered":"\t\t<div data-elementor-type=\"wp-page\" data-elementor-id=\"62\" class=\"elementor elementor-62\">\n\t\t\t\t<div class=\"elementor-element elementor-element-6b874b0 e-flex e-con-boxed e-con e-parent\" data-id=\"6b874b0\" data-element_type=\"container\">\n\t\t\t\t\t<div class=\"e-con-inner\">\n\t\t\t\t\t<\/div>\n\t\t\t\t<\/div>\n\t\t<div class=\"elementor-element elementor-element-7e3ae29 e-flex e-con-boxed e-con e-parent\" data-id=\"7e3ae29\" data-element_type=\"container\">\n\t\t\t\t\t<div class=\"e-con-inner\">\n\t\t\t\t\t<\/div>\n\t\t\t\t<\/div>\n\t\t<div class=\"elementor-element elementor-element-bdc16e5 e-flex e-con-boxed e-con e-parent\" data-id=\"bdc16e5\" data-element_type=\"container\">\n\t\t\t\t\t<div class=\"e-con-inner\">\n\t\t<div class=\"elementor-element elementor-element-476848c e-con-full e-flex e-con e-child\" data-id=\"476848c\" data-element_type=\"container\">\n\t\t\t\t<div class=\"elementor-element elementor-element-55d674a elementor-widget elementor-widget-text-editor\" data-id=\"55d674a\" data-element_type=\"widget\" data-widget_type=\"text-editor.default\">\n\t\t\t\t\t\t\t\t\t<p>\u00a0 \u00a0 \u00a0 \u00a0 \u00a0 M\u00fckemmel tasar\u0131mlar\u0131 ve yenilik\u00e7i \u00e7izgisiyle erkek g\u00f6mle\u011finin son y\u0131llarda ileriye \u00e7\u0131kan markalar\u0131ndan biri olan CAVALLERO tekstil sekt\u00f6r\u00fcn\u00fcn \u00f6nde gelen kurulu\u015flar\u0131ndan biri olan AL\u0130 PA\u015eAHAN GRUBUN kalitesi,\u00fcretim g\u00fcc\u00fc ve 30 y\u0131ll\u0131k tecrubesiyle \u00fcretiliyor.<br \/><br \/>\u00a0 \u00a0 \u00a0 \u00a0 \u00a0En son teknoloji ile donat\u0131lm\u0131\u015f y\u00fcksek kapasiteli Ali Pa\u015fahan fabrikasinda en kaliteli ve se\u00e7kin desenli kuma\u015flar g\u00fcn\u00fc ya\u015fatan CAVALLERO modelleri ile bulu\u015fuyor. 1500 M2 kapal\u0131 alan ile ayl\u0131k 40.000 adet \u00fcretim yaparak sektorunde yerini almaktad\u0131r.<br \/><br \/>\u00a0 \u00a0 \u00a0 \u00a0 Bug\u00fcn CAVALLERO KOLEKS\u0130YONLARI kendine ait ma\u011fazalar\u0131 d\u0131\u015f\u0131nda yurt i\u00e7i ve yurt d\u0131\u015f\u0131nda 58 noktada sat\u0131\u015fa sunulmaktad\u0131r.Her gecen gun musteri portfoy\u00fcn\u00fc geni\u015fleten firmamiz ba\u015fta Avrupa olmak uzere bir \u00e7ok dunya pazar\u0131nda yerini almaktadir.<br \/><br \/>\u00a0 \u00a0 \u00a0 CAVALLERO farkl\u0131l\u0131klar\u0131 yaratmaya,kal\u0131c\u0131l\u0131\u011f\u0131n\u0131 ve vazge\u00e7ilmeyen bir marka olma fark\u0131n\u0131 korumaya devam edecektir.<\/p>\t\t\t\t\t\t\t\t<\/div>\n\t\t\t\t<div class=\"elementor-element elementor-element-cf1a5db elementor-widget elementor-widget-image\" data-id=\"cf1a5db\" data-element_type=\"widget\" data-widget_type=\"image.default\">\n\t\t\t\t\t\t\t\t\t\t\t\t\t\t\t<img decoding=\"async\" width=\"300\" height=\"64\" src=\"https:\/\/cavallero.com.tr\/wp-content\/uploads\/2025\/12\/DSC_9627.jpg\" class=\"attachment-large size-large wp-image-22\" alt=\"\" \/>\t\t\t\t\t\t\t\t\t\t\t\t\t\t\t<\/div>\n\t\t\t\t<\/div>\n\t\t<div class=\"elementor-element elementor-element-85d1ebe e-con-full e-flex e-con e-child\" data-id=\"85d1ebe\" data-element_type=\"container\">\n\t\t\t\t<div class=\"elementor-element elementor-element-221bdfd elementor-widget elementor-widget-video\" data-id=\"221bdfd\" data-element_type=\"widget\" data-settings=\"{&quot;video_type&quot;:&quot;hosted&quot;,&quot;autoplay&quot;:&quot;yes&quot;,&quot;play_on_mobile&quot;:&quot;yes&quot;,&quot;loop&quot;:&quot;yes&quot;,&quot;controls&quot;:&quot;yes&quot;}\" data-widget_type=\"video.default\">\n\t\t\t\t\t\t\t<div class=\"e-hosted-video elementor-wrapper elementor-open-inline\">\n\t\t\t\t\t<video class=\"elementor-video\" src=\"https:\/\/cavallero.com.tr\/wp-content\/uploads\/2025\/12\/Adam_konusunmkemmel_tasarmlar_2025122320-online-video-cutter.com_.mp4\" autoplay=\"\" loop=\"\" controls=\"\" playsinline=\"\" controlsList=\"nodownload\"><\/video>\n\t\t\t\t<\/div>\n\t\t\t\t\t\t<\/div>\n\t\t\t\t<\/div>\n\t\t\t\t\t<\/div>\n\t\t\t\t<\/div>\n\t\t<div class=\"elementor-element elementor-element-904fde4 e-flex e-con-boxed e-con e-parent\" data-id=\"904fde4\" data-element_type=\"container\">\n\t\t\t\t\t<div class=\"e-con-inner\">\n\t\t\t\t<div class=\"elementor-element elementor-element-a5a5fee elementor-widget elementor-widget-image\" data-id=\"a5a5fee\" data-element_type=\"widget\" data-widget_type=\"image.default\">\n\t\t\t\t\t\t\t\t\t\t\t\t\t\t\t<img fetchpriority=\"high\" decoding=\"async\" width=\"1024\" height=\"791\" src=\"https:\/\/cavallero.com.tr\/wp-content\/uploads\/2025\/12\/125-1230x950-1-1024x791.jpg\" class=\"attachment-large size-large wp-image-65\" alt=\"\" srcset=\"https:\/\/cavallero.com.tr\/wp-content\/uploads\/2025\/12\/125-1230x950-1-1024x791.jpg 1024w, https:\/\/cavallero.com.tr\/wp-content\/uploads\/2025\/12\/125-1230x950-1-300x232.jpg 300w, https:\/\/cavallero.com.tr\/wp-content\/uploads\/2025\/12\/125-1230x950-1-768x593.jpg 768w, https:\/\/cavallero.com.tr\/wp-content\/uploads\/2025\/12\/125-1230x950-1.jpg 1230w\" sizes=\"(max-width: 1024px) 100vw, 1024px\" \/>\t\t\t\t\t\t\t\t\t\t\t\t\t\t\t<\/div>\n\t\t\t\t\t<\/div>\n\t\t\t\t<\/div>\n\t\t\t\t<\/div>\n\t\t","protected":false},"excerpt":{"rendered":"<p>\u00a0 \u00a0 \u00a0 \u00a0 \u00a0 M\u00fckemmel tasar\u0131mlar\u0131 ve yenilik\u00e7i \u00e7izgisiyle erkek g\u00f6mle\u011finin son y\u0131llarda ileriye \u00e7\u0131kan markalar\u0131ndan biri olan CAVALLERO tekstil sekt\u00f6r\u00fcn\u00fcn \u00f6nde gelen kurulu\u015flar\u0131ndan biri olan AL\u0130 PA\u015eAHAN GRUBUN kalitesi,\u00fcretim g\u00fcc\u00fc ve 30 y\u0131ll\u0131k tecrubesiyle \u00fcretiliyor. \u00a0 \u00a0 \u00a0 \u00a0 \u00a0En son teknoloji ile donat\u0131lm\u0131\u015f y\u00fcksek kapasiteli Ali Pa\u015fahan fabrikasinda en kaliteli ve se\u00e7kin&#8230;<\/p>\n","protected":false},"author":1,"featured_media":0,"parent":0,"menu_order":0,"comment_status":"closed","ping_status":"closed","template":"","meta":{"_kad_post_transparent":"","_kad_post_title":"hide","_kad_post_layout":"fullwidth","_kad_post_sidebar_id":"","_kad_post_content_style":"unboxed","_kad_post_vertical_padding":"hide","_kad_post_feature":"hide","_kad_post_feature_position":"","_kad_post_header":false,"_kad_post_footer":false,"_kad_post_classname":"","footnotes":""},"class_list":["post-62","page","type-page","status-publish","hentry"],"_links":{"self":[{"href":"https:\/\/cavallero.com.tr\/index.php?rest_route=\/wp\/v2\/pages\/62","targetHints":{"allow":["GET"]}}],"collection":[{"href":"https:\/\/cavallero.com.tr\/index.php?rest_route=\/wp\/v2\/pages"}],"about":[{"href":"https:\/\/cavallero.com.tr\/index.php?rest_route=\/wp\/v2\/types\/page"}],"author":[{"embeddable":true,"href":"https:\/\/cavallero.com.tr\/index.php?rest_route=\/wp\/v2\/users\/1"}],"replies":[{"embeddable":true,"href":"https:\/\/cavallero.com.tr\/index.php?rest_route=%2Fwp%2Fv2%2Fcomments&post=62"}],"version-history":[{"count":10,"href":"https:\/\/cavallero.com.tr\/index.php?rest_route=\/wp\/v2\/pages\/62\/revisions"}],"predecessor-version":[{"id":287,"href":"https:\/\/cavallero.com.tr\/index.php?rest_route=\/wp\/v2\/pages\/62\/revisions\/287"}],"wp:attachment":[{"href":"https:\/\/cavallero.com.tr\/index.php?rest_route=%2Fwp%2Fv2%2Fmedia&parent=62"}],"curies":[{"name":"wp","href":"https:\/\/api.w.org\/{rel}","templated":true}]}}